233, 8389
List the prime factors of 1266641282.
2, 43, 14728387
What are the prime factors of 1292724651?
3, 13229, 32573
What are the prime factors of 361677906?
2, 3, 59, 61, 1861
What are the prime factors of 17309770?
2, 5, 439, 3943
List the prime factors of 334312113.
3, 59, 1888769
List the prime factors of 14238539.
7, 163, 12479
List the prime factors of 2200871333.
37, 3307, 17987
What are the prime factors of 200051518?
2, 251, 398509
List the prime factors of 73900257.
3, 503, 48973
What are the prime factors of 2112114742?
2, 347, 3043393
List the prime factors of 53234576.
2, 1187, 2803
List the prime factors of 33070414.
2, 13, 1271939
What are the prime factors of 6805528562?
2, 7, 61, 1138429
List the prime factors of 286556675.
5, 17, 37, 18223
What are the prime factors of 66013806?
2, 3, 11002301
List the prime factors of 39013997.
11, 17, 208631
What are the prime factors of 1347271212?
2, 3, 7, 29, 553067
List the prime factors of 128065065.
3, 5, 8537671
List the prime factors of 248686499.
211, 1178609
List the prime factors of 207366027.
3, 11, 653, 9623
List the prime factors of 5280760550.
2, 5, 13, 8124247
What are the prime factors of 127420813?
13, 9801601
List the prime factors of 556132227.
3, 7, 67, 395261
List the prime factors of 8859570.
2, 3, 5, 295319
List the prime factors of 407314066.
2, 203657033
List the prime factors of 32220038.
2, 293, 54983
List the prime factors of 1381958017.
11, 125632547
What are the prime factors of 157228770?
2, 3, 5, 5240959
What are the prime factors of 3448228778?
2, 1724114389
What are the prime factors of 1575639695?
5, 7, 19, 2369383
What are the prime factors of 353547698?
2, 7, 25253407
What are the prime factors of 1761623694?
2, 3, 4519, 7219
What are the prime factors of 7914741236?
2, 1978685309
List the prime factors of 110593775.
5, 19, 23, 53, 191
What are the prime factors of 591953202?
2, 3, 397, 82837
List the prime factors of 69988096.
2, 19, 14389
List the prime factors of 4044649533.
3, 1348216511
List the prime factors of 134829001.
113, 191, 6247
What are the prime factors of 219755942?
2, 7, 139, 112927
List the prime factors of 1447418607.
3, 17, 131, 216647
What are the prime factors of 65839885?
5, 13167977
What are the prime factors of 10943678?
2, 467, 11717
What are the prime factors of 7906187?
2543, 3109
List the prime factors of 2447454098.
2, 1223727049
List the prime factors of 415372815.
3, 5, 11, 13, 17, 3797
What are the prime factors of 533019627?
3, 7, 281, 30109
List the prime factors of 1287457354.
2, 643728677
What are the prime factors of 3223766124?
2, 3, 109, 821551
List the prime factors of 49239746.
2, 24619873
What are the prime factors of 1006001361?
3, 2207, 50647
List the prime factors of 8071342519.
19, 424807501
List the prime factors of 3257855436.
2, 3, 11, 67, 368369
What are the prime factors of 5845709?
5845709
What are the prime factors of 16541581?
7, 73, 32371
List the prime factors of 1611470.
2, 5, 7, 23021
List the prime factors of 1666896524.
2, 19, 79, 313, 887
What are the prime factors of 47654471?
31, 1537241
What are the prime factors of 73276335?
3, 5, 11, 179, 827
List the prime factors of 71678501.
71678501
What are the prime factors of 601428489?
3, 19, 31, 107, 3181
List the prime factors of 2210238974.
2, 433, 2552239
List the prime factors of 68639261.
68639261
What are the prime factors of 1980691548?
2, 3, 11, 37, 307, 1321
What are the prime factors of 140859705?
3, 5, 7, 17, 23, 47, 73
What are the prime factors of 16912546?
2, 7, 19, 31, 293
What are the prime factors of 187893456?
2, 3, 757, 5171
List the prime factors of 38624008.
2, 73, 66137
What are the prime factors of 1764610292?
2, 157, 2809889
List the prime factors of 16940207.
79, 214433
What are the prime factors of 1254039474?
2, 3, 97, 2154707
What are the prime factors of 965962630?
2, 5, 53, 1822571
What are the prime factors of 66407267?
37, 97, 18503
List the prime factors of 43452907.
41, 83, 113
What are the prime factors of 351780541?
7, 17, 443, 6673
List the prime factors of 1393243748.
2, 13, 47, 157, 3631
What are the prime factors of 87188357?
809, 107773
List the prime factors of 1350379170.
2, 3, 5, 7, 2143459
What are the prime factors of 763802139?
3, 73, 641, 5441
What are the prime factors of 80343846?
2, 3, 11, 41, 3299
List the prime factors of 411694133.
411694133
What are the prime factors of 657555874?
2, 107, 293, 10487
List the prime factors of 237162495.
3, 5, 17, 139, 6691
What are the prime factors of 63314794?
2, 31657397
List the prime factors of 6514100986.
2, 23, 141610891
What are the prime factors of 87051479?
43, 83, 24391
What are the prime factors of 206937983?
7, 29562569
What are the prime factors of 822631574?
2, 29, 14183303
List the prime factors of 139513382.
2, 239, 291869
What are the prime factors of 291907720?
2, 5, 13, 23, 24407
What are the prime factors of 4183687166?
2, 23, 103, 179, 4933
List the prime factors of 1069945272.
2, 3, 11, 139, 9719
What are the prime factors of 955657241?
7, 11, 43, 41233
List the prime factors of 299280754.
2, 29, 859, 6007
What are the prime factors of 30054128?
2, 13, 31, 59, 79
List the prime factors of 32035909.
32035909
What are the prime factors of 180750589?
180750589
List the prime factors of 23457859.
1613, 14543
What are the prime factors of 84127361?
84127361
What are the prime factors of 566783498?
2, 283391749
List the prime factors of 5341444585.
5, 7621, 140177
List the prime factors of 131962300.
2, 5, 1319623
List the prime factors of 148607422.
2, 397, 187163
List the prime factors of 53071126.
2, 53, 500671
What are the prime factors of 55888085?
5, 11, 92377
List the prime factors of 1400774859.
3, 11, 14149241
List the prime factors of 46376496.
2, 3, 31, 3463
What are the prime factors of 29861528?
2, 3732691
List the prime factors of 919310829.
3, 8693, 35251
List the prime factors of 1078889046.
2, 3, 19, 73, 129643
List the prime factors of 1414919792.
2, 11, 13, 17, 3307
List the prime factors of 44115401.
11, 4010491
List the prime factors of 175614891.
3, 19, 3080963
What are the prime factors of 550069565?
5, 37, 139, 21391
What are the prime factors of 762394?
2, 19, 20063
What are the prime factors of 2196983653?
29, 75758057
List the prime factors of 4802863419.
3, 4079, 130829
List the prime factors of 38937891.
3, 31, 71, 5897
What are the prime factors of 578157398?
2, 7, 13, 29, 109541
What are the prime factors of 7597637272?
2, 949704659
List the prime factors of 58025891.
7, 11, 753583
What are the prime factors of 1018843744?
2, 31838867
What are the prime factors of 1976167667?
83, 23809249
List the prime factors of 17334980.
2, 5, 13, 61, 1093
List the prime factors of 186418981.
7, 673, 5653
What are the prime factors of 83129933?
811, 102503
List the prime factors of 1667189163.
3, 43, 12923947
List the prime factors of 4170085722.
2, 3, 11, 353, 59663
What are the prime factors of 623533900?
2, 5, 11, 283, 2003
What are the prime factors of 167731235?
5, 7, 31, 154591
What are the prime factors of 29819994?
2, 3, 977, 5087
What are the prime factors of 33179669?
61, 543929
What are the prime factors of 203900401?
59, 3455939
List the prime factors of 9287053.
9287053
What are the prime factors of 295468649?
7, 23, 47, 39047
List the prime factors of 9190850.
2, 5, 47, 3911
What are the prime factors of 93475358?
2, 23, 53, 1667
List the prime factors of 363998921.
11, 13, 2545447
What are the prime factors of 414438377?
414438377
What are the prime factors of 241911644?
2, 13, 41, 113467
List the prime factors of 681242106.
2, 3, 23, 4936537
List the prime factors of 31154837.
7, 635813
What are the prime factors of 222639315?
3, 5, 71, 349, 599
List the prime factors of 147846561.
3, 37, 1331951
What are the prime factors of 465113281?
29, 859, 18671
List the prime factors of 77539942.
2, 47, 824893
List the prime factors of 1611635953.
103, 15646951
What are the prime factors of 1044047347?
7, 409, 364669
What are the prime factors of 1621294203?
3, 31, 17433271
List the prime factors of 11868921.
3, 193, 6833
List the prime factors of 556569474.
2, 3, 31, 929, 3221
List the prime factors of 55782